*f + 16. Calculate c(7).
-33
Let r(h) = 65*h**2 + h + 2. What is r(-1)?
66
Let h(j) = -j**3 + 10*j**2 + 7*j - 6. Calculate h(10).
64
Let n(a) = -2*a**3 + 6*a**2 + 5*a - 6. Determine n(4).
-18
Let h(k) = 33*k - 719. Determine h(22).
7
Let o(h) = 20*h + 71. Calculate o(-4).
-9
Let r(v) = v**3 + 7*v**2 + 6*v + 4. Determine r(-6).
4
Let i(h) = h**2 - 21*h + 28. What is i(20)?
8
Let y(q) = -q**3 + 9*q**2 - q + 6. What is y(9)?
-3
Let g(l) = l**3 - 27*l**2 - 27*l - 42. What is g(28)?
-14
Let w(h) = h**2 + 4*h - 34. Give w(-7).
-13
Let f(i) = 2*i**3 + 7*i**2 - 3*i. Calculate f(-4).
-4
Let p(r) = 6*r**2 + 7*r - 4. What is p(3)?
71
Let t(f) = f**2 - 15*f + 30. Give t(11).
-14
Let f(n) = 5*n - 30. Calculate f(7).
5
Let n(s) = 3*s**3 - 2*s**2 - s - 3. Calculate n(3).
57
Let v(o) = o**3 - 20*o**2 - 2*o - 18. Calculate v(20).
-58
Let f(p) = 2*p**3 - 46*p**2 + 12. Calculate f(23).
12
Let l(x) = -x**3 - 28*x**2 - 74*x + 30. Determine l(-25).
5
Let x(d) = d**3 + 2*d**2 + 7. Determine x(-2).
7
Let u(t) = t**3 - t**2 - 9*t - 1. Determine u(5).
54
Let s(g) = 66*g**3 + 2*g**2 - g - 2. Calculate s(-1).
-65
Let q(w) = -w**3 + 17*w**2 + 16*w + 31. What is q(18)?
-5
Let j(k) = k**3 + 30*k**2 - 100*k - 34. Give j(-33).
-1
Let h(z) = -5*z**3 - 9*z**2 - 6*z + 2. Determine h(-2).
18
Let f(t) = -2*t**3 + 7*t**2 - 4*t + 2. What is f(3)?
-1
Let f(i) = i**3 - 7*i**2 + 9*i + 6. What is f(5)?
1
Let i(l) = -3*l**3 - 12*l**2 - 10*l - 2. Calculate i(-4).
38
Let g(i) = -16*i + 112. Calculate g(6).
16
Let t(l) = l**3 + 25*l**2 + l - 37. What is t(-25)?
-62
Let c(x) = -3*x - 48. Give c(-17).
3
Let z(s) = -s**3 - 11*s**2 - 9*s + 12. Give z(-10).
2
Let o(k) = k**3 - 9*k**2 + 29*k - 107. What is o(7)?
-2
Let w(c) = 3*c + 77. Give w(-13).
38
Let t(k) = k + 3. Give t(-12).
-9
Let n(i) = -i**3 - 6*i**2 + 6*i + 5. Determine n(-3).
-40
Let f(m) = m**3 + 16*m**2 - 19*m + 1. Give f(-17).
35
Let i(h) = -h**3 + 3*h**2 + 5*h + 28. What is i(7)?
-133
Let f(j) = j**3 - 5*j**2 + 2*j + 3. Give f(5).
13
Let m(z) = -8*z - 19. Calculate m(-18).
125
Let w(s) = s**3 + 15*s**2 - 32*s + 36. Determine w(-17).
2
Let p(i) = -i**2 - i - 6. Give p(0).
-6
Let u(z) = -z**3 + 7*z**2 - 3*z - 1. What is u(7)?
-22
Let b(i) = i**2 + i + 12. What is b(-6)?
42
Let h(t) = 48*t + 216. What is h(-5)?
-24
Let z(q) = -q**2 - 6*q - 6. Calculate z(-4).
2
Let r(i) = -11*i**2 + 223*i - 63. Give r(20).
-3
Let j(w) = w**3 - 14*w**2 + 17*w - 19. Give j(13).
33
Let q(r) = 10*r**3 + r**2 - 2*r + 1. What is q(1)?
10
Let n(a) = -3*a**3 + 2*a**2 + a + 3. Determine n(3).
-57
Let k(d) = 4*d**3 + d**2 + 2*d - 7. Determine k(-3).
-112
Let n(w) = -w**3 + 7*w**2 + 11*w - 11. Determine n(8).
13
Let g(o) = -o**3 - 11*o**2 - 16*o - 24. What is g(-10)?
36
Let z(n) = 15*n + 1. What is z(1)?
16
Let j(u) = u + 27. What is j(-22)?
5
Let p(v) = -2*v - 16. Determine p(-16).
16
Let o(z) = -z**3 + 12*z**2 - 12*z + 10. Calculate o(11).
-1
Let j(s) = 12*s + 1. Calculate j(7).
85
Let i(f) = -f**3 - 10*f**2 - 22*f - 11. What is i(-8)?
37
Let c(s) = 25*s + 52. What is c(-7)?
-123
Let z(v) = 10*v + 1. Determine z(-3).
-29
Let r(u) = -u**3 - 9*u**2 - 10*u + 10. Calculate r(-8).
26
Let q(m) = m**3 - 9*m**2 + 2*m - 10. Give q(9).
8
Let k(w) = w**2 - 9*w + 22. What is k(5)?
2
Let h(q) = q**3 + 19*q**2 + 33*q + 2. Calculate h(-17).
19
Let f(i) = -i**2 - 5*i + 25. Calculate f(-9).
-11
Let y(u) = 2*u**2 + 63*u + 39. Give y(-31).
8
Let f(w) = w**2 - 6. Determine f(-5).
19
Let o(h) = h**3 + 8*h**2 + 19*h + 36. What is o(-6)?
-6
Let f(n) = -4*n - 1. Give f(-2).
7
Let t(o) = 8*o - 53. What is t(6)?
-5
Let l(m) = 7*m + 3. Determine l(-2).
-11
Let m(s) = 13*s - 2. Determine m(-2).
-28
Let p(y) = -y**2 + 16*y - 22. Calculate p(15).
-7
Let h(r) = -r**3 + r**2 + 24*r - 47. Determine h(2).
-3
Let d(q) = 18*q - 70. What is d(6)?
38
Let c(v) = -2*v**3 + 4*v**2 + 6*v + 3. What is c(4)?
-37
Let w(m) = -4*m - 4. Give w(-4).
12
Let m(w) = 24*w + 230. What is m(-10)?
-10
Let l(m) = 13*m**2 - 157*m + 12. Calculate l(12).
0
Let g(o) = o**2 - 30*o + 93. Calculate g(27).
12
Let s(n) = -4*n - 5. Calculate s(-4).
11
Let p(s) = -6*s - 56. Give p(-9).
-2
Let o(s) = -s**2 + 12*s - 8. Determine o(11).
3
Let m(k) = -k**2 - 19*k - 77. Give m(-11).
11
Let j(v) = -6*v - 8. Calculate j(-2).
4
Let f(g) = -4*g - 23. Calculate f(-3).
-11
Let i(m) = -2*m**2 - 2*m + 6. Calculate i(-4).
-18
Let x(y) = -y**3 + 11*y**2 + 12*y - 1. Determine x(12).
-1
Let c(i) = i + 12. Calculate c(-8).
4
Let f(u) = -2*u - 7. What is f(-9)?
11
Let g(d) = -2*d**3 - 12*d**2 - 14*d - 11. Determine g(-5).
9
Let r(t) = -16*t + 28. Give r(5).
-52
Let f(n) = 18*n**2 - 2*n + 1. Give f(1).
17
Let d(m) = 6*m + 7. Calculate d(5).
37
Let i(f) = f**3 + 7*f**2 + 3*f - 13. Calculate i(-7).
-34
Let j(g) = -35*g + 260. What is j(6)?
50
Let k(c) = c**2 - 6*c + 12. Give k(6).
12
Let h(t) = -10*t - 185. Calculate h(-19).
5
Let m(a) = -4*a - 25. Determine m(4).
-41
Let t(l) = 2*l**2 + 5*l + 6. Give t(-5).
31
Let b(u) = -u**2 + 9*u - 11. Give b(7).
3
Let d(m) = m**3 + 9*m**2 - 6*m - 13. Calculate d(-9).
41
Let k(f) = 2*f + 2. What is k(3)?
8
Let g(z) = z**2 - 2*z - 5. Determine g(-3).
10
Let z(u) = -u**3 + 9*u**2 + 49*u + 31. What is z(13)?
-8
Let s(p) = 5*p + 14. Give s(-9).
-31
Let z(t) = -2*t - 9. Determine z(0).
-9
Let a(f) = -f - 19. Calculate a(-7).
-12
Let s(q) = -q**3 + 10*q**2 - 9*q + 19. Determine s(8).
75
Let q(t) = -2*t - 38. What is q(-16)?
-6
Let s(a) = a**2 + 4*a + 5. Calculate s(-3).
2
Let n(c) = -c**3 + 6*c**2 + c - 1. Calculate n(6).
5
Let p(c) = c**2 + 51*c + 96. Calculate p(-49).
-2
Let a(r) = r**3 + 3*r**2 + r - 10. What is a(-3)?
-13
Let u(q) = -q + 4. What is u(-8)?
12
Let i(a) = a**2 + 7*a + 1. Give i(-4).
-11
Let b(m) = -2*m**3 - m**2 + 3*m + 3. Calculate b(-2).
9
Let g(v) = v**3 + 10*v**2 - 13*v - 9. Determine g(-10).
121
Let n(w) = w**3 + 7*w**2 + 12*w. Determine n(-2).
-4
Let g(v) = 8*v + 31. Calculate g(5).
71
Let l(j) = j**3 - 18*j**2 + 18*j + 9. Calculate l(17).
26
Let a(n) = 3*n + 1. Give a(-1).
-2
Let u(f) = 3*f + 77. Determine u(-27).
-4
Let n(h) = -h - 13. Give n(-5).
-8
Let n(d) = -d**2 + 4*d + 35. What is n(-5)?
-10
Let i(c) = -c**2 - 15*c - 18. Calculate i(-14).
-4
Let w(h) = -h**3 - 3*h**2 + 6*h + 4. Determine w(-4).
-4
Let w(v) = 2*v + 8. Calculate w(9).
26
Let t(l) = 10*l + 309. Determine t(-31).
-1
Let c(d) = -d**3 - 6*d**2 + 3*d + 8. Give c(-6).
-10
Let k(t) = t**2 - 6*t - 10. Calculate k(7).
-3
Let a(o) = 14*o + 116. Determine a(-8).
4
Let t(z) = -2*z**2 + z + 1. Give t(-2).
-9
Let n(z) = -z**2 - 19*z - 7. Calculate n(-18).
11
Let p(c) = -14*c - 91. Give p(-9).
35
Let v(w) = w + 23. Calculate v(-10).
13
Let b(w) = w**2 - 36*w + 158. Determine b(5).
3
Let i(c) = c - 6. Give i(7).
1
Let o(c) = -12*c + 4. Give o(-1).
16
Let z(r) = -4*r - 66. Determine z(-14).
-10
Let n(o) = -o - 2. What is n(-3)?
1
Let l(s) = 123*s**3 + 2*s**2 + 4*s + 3. Calculate l(-1).
-122
Let q(x) = x**3 - 10*x**2 - 11*x - 5. Calculate q(11).
-5
Let m(o) = 2*o**3 - 6*o**2 + 4*o + 4. Give m(4).
52
Let l(q) = -q**2 - 7*q - 7. Determine l(-4).
5
Let d(q) = -5*q**2 - q - 1. What is d(2)?
-23
Let t(c) = c**2 - 2*c - 221. What is t(16)?
3
Let s(p) = p**3 + 5. Calculate s(0).
5
Let g(d) = -13*d. What is g(-3)?
39
Let g(t) = 3*t + 27. Determine g(-11).
-6
Let f(a) = 8*a + 491. Calculate f(-63).
-13
Let i(z) = -z**3 + 2*z + 16. Determine i(0).
16
Let i(k) = -k**3 + 5*k**2 + 21*k - 55. Give i(7).
-6
Let f(y) = 21*y - 100. Calculate f(4).
-16
Let h(m) = 3*m + 7. What is h(-11)?
-26
Let p(v) = 16*v - 29. Determine p(1).
-13
Let i(p) = -6*p + 119. What is i(20)?
-1
Let m(k) = -14*k**2 + 96*k + 9. What is m(7)?
-5
Let v(b) = -6*b. What is v(-1)?
6
Let w(s) = -2*s**3 - 4*s**2 - 3. Give w(-2).
-3
Let a(u) = -u**2 + 5*u - 6. Calculate a(6).
-12
Let y(k) = 13*k + 261. Determine y(-24).
-51
Let c(p) = p**3 - 4*p**2 + 6. Give c(4).
6
Let b(o) = -o**2 - 19*o + 30. Give b(-20).
10
Let s(g) = -4*g**2 + 2*g + 1. Determine s(-1).
-5
Let m(t) = -9*t + 4. Determine m(-3).
31
Let t(o) = -o**2 - 4*o + 23. Give t(-12).
-73
Let r(w) = 2*w - 21. Determine r(10).
-1
Let d(q) = -q + 34. Determine d(14).
20
Let j(f) = -f**3 + 7*f**2 - 4*f - 5. Determine j(5).
25
Let s(b) = -b - 4. What is s(-3)?
-1
Let i(w) = -2*w**3 + 16*w**2 - 9*w - 37. Determine i(7).
-2
Let c(